{"id":2729,"date":"2025-06-13T13:11:49","date_gmt":"2025-06-13T13:11:49","guid":{"rendered":"https:\/\/astrolojikutusu.com\/?post_type=product&#038;p=2729"},"modified":"2025-06-21T10:36:16","modified_gmt":"2025-06-21T10:36:16","slug":"rektifikasyon-dogum-saati-belirleme-danismanligi","status":"publish","type":"product","link":"https:\/\/astrolojikutusu.com\/?product=rektifikasyon-dogum-saati-belirleme-danismanligi","title":{"rendered":"Rektifikasyon (Do\u011fum Saati Belirleme) Dan\u0131\u015fmanl\u0131\u011f\u0131"},"content":{"rendered":"<p>\ud83d\udd52<strong> REKT\u0130F\u0130<\/strong><strong>KASYON (DO<\/strong><strong>\u011e<\/strong><strong>UM SAAT<\/strong><strong>\u0130 <\/strong><strong>BULMA)<\/strong><strong> \u00c7ALI\u015eMASI<\/strong><\/p>\n<p><strong>NE SUNUYORUZ?<\/strong><br \/>\nDo\u011fum saatinizi bilmiyorsan\u0131z veya emin de\u011filseniz, ge\u00e7mi\u015f ya\u015fam deneyimlerinize g\u00f6re do\u011fum saatiniz belirlenir. B\u00f6ylece sonraki t\u00fcm dan\u0131\u015fmanl\u0131klar daha net yap\u0131labilir.<\/p>\n<p><strong>NELER <\/strong><strong>\u0130<\/strong><strong>NCELEN<\/strong><strong>\u0130<\/strong><strong>R?<\/strong><\/p>\n<ul>\n<li>Hayat\u0131n\u0131zda ya\u015fanm\u0131\u015f \u00f6nemli olaylar<\/li>\n<li>Bu olaylar\u0131n tarihleriyle g\u00f6ky\u00fcz\u00fc verilerinin e\u015fle\u015ftirilmesi<\/li>\n<li>Do\u011fum saatinizin en yak\u0131n ihtimale g\u00f6re hesaplanmas\u0131<\/li>\n<li>Kesin saat aral\u0131\u011f\u0131n\u0131n belirlenmesi<\/li>\n<\/ul>\n<p><strong>S\u0130ZE NASIL YARDIMCI OLUR?<\/strong><br \/>\nNet do\u011fum saati ile yap\u0131lan analizler \u00e7ok daha tutarl\u0131 olur. Bu hizmetle sonraki t\u00fcm dan\u0131\u015fmanl\u0131klar\u0131n\u0131z daha sa\u011fl\u0131kl\u0131 verilerle yap\u0131labilir.<\/p>\n<p>\ud83d\udcf2<strong> S<\/strong><strong>\u00dc<\/strong><strong>RE\u00c7 NASIL \u0130<\/strong><strong>LERL<\/strong><strong>\u0130<\/strong><strong>YOR?<\/strong><br \/>\nShopier\u2019den \u00f6demenizi yapt\u0131ktan sonra bizimle ileti\u015fime ge\u00e7in.<br \/>\nSize \u00f6zel haz\u0131rlanm\u0131\u015f bir <strong>rektifikasyon formu<\/strong> g\u00f6nderilecektir. Bu formda ge\u00e7mi\u015fte ya\u015fad\u0131\u011f\u0131n\u0131z en az 5 \u00f6nemli olay\u0131n tarihini doldurman\u0131z gereklidir.<br \/>\n<strong>G\u00f6r\u00fc\u015fmeler Skype \u00fczerinden yap\u0131l\u0131r.<\/strong><br \/>\n<strong>S\u00fcre:<\/strong> 90 dakika<br \/>\n<strong>\u0130\u00e7erik:<\/strong> Do\u011fum saati tespiti + raporlama + y\u00f6nlendirme<\/p>\n","protected":false},"excerpt":{"rendered":"<p>\ud83d\udd52<strong> REKT\u0130F\u0130<\/strong><strong>KASYON (DO<\/strong><strong>\u011e<\/strong><strong>UM SAAT<\/strong><strong>\u0130 <\/strong><strong>BULMA)<\/strong><strong> \u00c7ALI\u015eMASI<\/strong><\/p>\n<p><strong>NE SUNUYORUZ?<\/strong><br \/>\nDo\u011fum saatinizi bilmiyorsan\u0131z veya emin de\u011filseniz, ge\u00e7mi\u015f ya\u015fam deneyimlerinize g\u00f6re do\u011fum saatiniz belirlenir. B\u00f6ylece sonraki t\u00fcm dan\u0131\u015fmanl\u0131klar daha net yap\u0131labilir.<\/p>\n<p><strong>NELER <\/strong><strong>\u0130<\/strong><strong>NCELEN<\/strong><strong>\u0130<\/strong><strong>R?<\/strong><\/p>\n<ul>\n<li>Hayat\u0131n\u0131zda ya\u015fanm\u0131\u015f \u00f6nemli olaylar<\/li>\n<li>Bu olaylar\u0131n tarihleriyle g\u00f6ky\u00fcz\u00fc verilerinin e\u015fle\u015ftirilmesi<\/li>\n<li>Do\u011fum saatinizin en yak\u0131n ihtimale g\u00f6re hesaplanmas\u0131<\/li>\n<li>Kesin saat aral\u0131\u011f\u0131n\u0131n belirlenmesi<\/li>\n<\/ul>\n<p><strong>S\u0130ZE NASIL YARDIMCI OLUR?<\/strong><br \/>\nNet do\u011fum saati ile yap\u0131lan analizler \u00e7ok daha tutarl\u0131 olur. Bu hizmetle sonraki t\u00fcm dan\u0131\u015fmanl\u0131klar\u0131n\u0131z daha sa\u011fl\u0131kl\u0131 verilerle yap\u0131labilir.<\/p>\n<p>\ud83d\udcf2<strong> S<\/strong><strong>\u00dc<\/strong><strong>RE\u00c7 NASIL \u0130<\/strong><strong>LERL<\/strong><strong>\u0130<\/strong><strong>YOR?<\/strong><br \/>\nShopier\u2019den \u00f6demenizi yapt\u0131ktan sonra bizimle ileti\u015fime ge\u00e7in.<br \/>\nSize \u00f6zel haz\u0131rlanm\u0131\u015f bir <strong>rektifikasyon formu<\/strong> g\u00f6nderilecektir. Bu formda ge\u00e7mi\u015fte ya\u015fad\u0131\u011f\u0131n\u0131z en az 5 \u00f6nemli olay\u0131n tarihini doldurman\u0131z gereklidir.<br \/>\n<strong>G\u00f6r\u00fc\u015fmeler Skype \u00fczerinden yap\u0131l\u0131r.<\/strong><br \/>\n<strong>S\u00fcre:<\/strong> 90 dakika<br \/>\n<strong>\u0130\u00e7erik:<\/strong> Do\u011fum saati tespiti + raporlama + y\u00f6nlendirme<\/p>\n","protected":false},"featured_media":2820,"template":"","meta":{"_eb_attr":""},"product_brand":[],"product_cat":[36],"product_tag":[],"class_list":{"0":"post-2729","1":"product","2":"type-product","3":"status-publish","4":"has-post-thumbnail","6":"product_cat-astroloji-danismanlik","8":"first","9":"instock","10":"sale","11":"downloadable","12":"virtual","13":"taxable","14":"purchasable","15":"product-type-simple"},"acf":[],"_links":{"self":[{"href":"https:\/\/astrolojikutusu.com\/index.php?rest_route=\/wp\/v2\/product\/2729","targetHints":{"allow":["GET"]}}],"collection":[{"href":"https:\/\/astrolojikutusu.com\/index.php?rest_route=\/wp\/v2\/product"}],"about":[{"href":"https:\/\/astrolojikutusu.com\/index.php?rest_route=\/wp\/v2\/types\/product"}],"wp:featuredmedia":[{"embeddable":true,"href":"https:\/\/astrolojikutusu.com\/index.php?rest_route=\/wp\/v2\/media\/2820"}],"wp:attachment":[{"href":"https:\/\/astrolojikutusu.com\/index.php?rest_route=%2Fwp%2Fv2%2Fmedia&parent=2729"}],"wp:term":[{"taxonomy":"product_brand","embeddable":true,"href":"https:\/\/astrolojikutusu.com\/index.php?rest_route=%2Fwp%2Fv2%2Fproduct_brand&post=2729"},{"taxonomy":"product_cat","embeddable":true,"href":"https:\/\/astrolojikutusu.com\/index.php?rest_route=%2Fwp%2Fv2%2Fproduct_cat&post=2729"},{"taxonomy":"product_tag","embeddable":true,"href":"https:\/\/astrolojikutusu.com\/index.php?rest_route=%2Fwp%2Fv2%2Fproduct_tag&post=2729"}],"curies":[{"name":"wp","href":"https:\/\/api.w.org\/{rel}","templated":true}]}}